{"id":333,"date":"2020-03-10T09:50:02","date_gmt":"2020-03-10T08:50:02","guid":{"rendered":"http:\/\/www.amg-informatique.fr\/w2\/formation\/?page_id=333"},"modified":"2022-12-01T15:50:28","modified_gmt":"2022-12-01T14:50:28","slug":"initiation-internet","status":"publish","type":"page","link":"https:\/\/www.amg-informatique.fr\/w2\/formation\/nos-formations-informatiques-en-presentiel\/initiation-internet\/","title":{"rendered":"Initiation Internet"},"content":{"rendered":"<h4 style=\"text-align: right;\"><a href=\"http:\/\/www.amg-informatique.fr\/w2\/formation\/programmes-formation\/bases-informatique\/AMG-Informatique-Initiation-internet\">T\u00e9l\u00e9chargez le PDF<\/a><\/h4>\n<p style=\"text-align: right;\">Derni\u00e8re mise \u00e0 jour : mars 2020<\/p>\n<h2>Pr\u00e9requis<\/h2>\n<p>Connaissance de l&rsquo;environnement Windows<\/p>\n<h2>Dur\u00e9e<\/h2>\n<p>1 jour (7 heures)<\/p>\n<h2>Dates<\/h2>\n<p><a href=\"http:\/\/www.amg-informatique.fr\/w2\/formation\/programmes-formation\/Planning-interentreprises.pdf\" target=\"_blank\" rel=\"noopener noreferrer\">Consulter le planning inter-entreprises<\/a><\/p>\n<h2>Tarifs<\/h2>\n<p>\u00c0 partir de 450 \u20ac Net<\/p>\n<h2>Objectifs et public concern\u00e9<\/h2>\n<ul>\n<li>Ma\u00eetriser les notions relatives aux technologies de l\u2019information.<\/li>\n<li>Acqu\u00e9rir les connaissances n\u00e9cessaires \u00e0 la navigation internet et \u00e0 l\u2019utilisation des outils Web, en respectant les r\u00e8gles de s\u00e9curit\u00e9 et de Netiquette.<\/li>\n<li>Cette formation s\u2019adresse \u00e0 toute personne souhaitant ma\u00eetriser la navigation sur Internet, l\u2019utilisation des moteurs de recherche.<\/li>\n<li>Elle favorise le d\u00e9veloppement des comp\u00e9tences et le maintien dans l\u2019emploi.<\/li>\n<\/ul>\n<h2>PROGRAMME<\/h2>\n<h4>LES TECHNOLOGIES DE L\u2019INFORMATION<\/h4>\n<ul>\n<li>Conna\u00eetre les diff\u00e9rents types de r\u00e9seaux : Internet, Intranet&#8230;<\/li>\n<li>Se familiariser avec l\u2019aspect physique et mat\u00e9riel<\/li>\n<li>Conna\u00eetre les principaux usages des technologies de l\u2019information : commerce \u00e9lectronique, messagerie, recherche d\u2019informations<\/li>\n<li>Distinguer usage professionnel et personnel<\/li>\n<li>Conna\u00eetre Netiquette et la mod\u00e9ration sur le Web<\/li>\n<li>G\u00e9rer les notions d\u2019ergonomie et de risques li\u00e9s \u00e0 l\u2019usage des technologies de l\u2019information<\/li>\n<li>Se sensibiliser aux impacts environnementaux<\/li>\n<\/ul>\n<h4>UTILISATION D\u2019UN NAVIGATEUR WEB<\/h4>\n<ul>\n<li>Se connecter<\/li>\n<li>Se familiariser avec l\u2019adresse URL<\/li>\n<li>G\u00e9rer les liens<\/li>\n<li>Se servir de Home Page<\/li>\n<li>Utiliser la barre de menus<\/li>\n<li>Utiliser la barre de boutons<\/li>\n<li>Exploiter les ic\u00f4nes et les fonctions disponibles<\/li>\n<\/ul>\n<h4>PRATIQUE DE LA NAVIGATION<\/h4>\n<ul>\n<li>Conna\u00eetre les principaux navigateurs<\/li>\n<li>Naviguer sur Internet Explorer, Mozilla<\/li>\n<li>Visiter des sites Web et remarques pratiques<\/li>\n<li>S\u2019int\u00e9resser aux forums et aux blogs<\/li>\n<li>G\u00e9rer des sites favoris<\/li>\n<li>Utiliser les r\u00e9f\u00e9rences th\u00e9matiques et adresses utiles<\/li>\n<\/ul>\n<h4>\u00a0RECHERCHE D\u2019INFORMATIONS<\/h4>\n<ul>\n<li>Conna\u00eetre le fonctionnement des moteurs de recherche<\/li>\n<li>Conna\u00eetre les principaux moteurs de recherche<\/li>\n<li>Obtenir des informations pertinentes<\/li>\n<li>R\u00e9aliser des formalit\u00e9s administratives en ligne<\/li>\n<li>Savoir renseigner un formulaire en ligne<\/li>\n<li>Sauvegarder des pages Web ou du contenu<\/li>\n<li>Imprimer des pages Web<\/li>\n<\/ul>\n<h4>T\u00c9L\u00c9CHARGEMENT DE FICHIERS<\/h4>\n<ul>\n<li>Manipuler le t\u00e9l\u00e9chargement de fichiers<\/li>\n<li>Archiver des fichiers<\/li>\n<\/ul>\n<h4>INTERNET ET LA S\u00c9CURIT\u00c9<\/h4>\n<ul>\n<li>Conna\u00eetre les principaux dangers du Web (hame\u00e7onnage, malwarebytes, virus\u2026)<\/li>\n<li>Pr\u00e9venir les situations \u00e0 risque<\/li>\n<li>Se familiariser avec la politique de s\u00e9curit\u00e9<\/li>\n<\/ul>\n<h4>ASPECTS L\u00c9GAUX<\/h4>\n<ul>\n<li>Conna\u00eetre les droits et obligations li\u00e9s \u00e0 l\u2019utilisation du Web<\/li>\n<li>G\u00e9rer des donn\u00e9es personnelles<\/li>\n<\/ul>\n<h4>ATELIER QUESTIONS \/ R\u00c9PONSES<\/h4>\n<p>Formation pr\u00e9c\u00e9dente : <a href=\"http:\/\/www.amg-informatique.fr\/w2\/formation\/nos-formations\/environnement-windows-10\/\">Environnement Windows 10<\/a><\/p>\n<p style=\"text-align: center;\"><a href=\"http:\/\/www.amg-informatique.fr\/w2\/formation\/nos-formations\/\">Nos formations<\/a><\/p>\n<p style=\"text-align: right;\">Formation\u00a0 suivante : <a href=\"http:\/\/www.amg-informatique.fr\/w2\/formation\/nos-formations\/maitriser-la-frappe-au-clavier\/\">Ma\u00eetriser la frappe au clavier<\/a><\/p>\n","protected":false},"excerpt":{"rendered":"<p>T\u00e9l\u00e9chargez le PDF Derni\u00e8re mise \u00e0 jour : mars 2020 Pr\u00e9requis Connaissance de l&rsquo;environnement Windows Dur\u00e9e 1 jour (7 heures) Dates Consulter le planning inter-entreprises Tarifs \u00c0 partir de 450 \u20ac Net Objectifs et public concern\u00e9 Ma\u00eetriser les notions relatives aux technologies de l\u2019information. Acqu\u00e9rir les connaissances n\u00e9cessaires \u00e0 la navigation internet et \u00e0 l\u2019utilisation  [&#8230;]<\/p>\n","protected":false},"author":7,"featured_media":0,"parent":10,"menu_order":3,"comment_status":"closed","ping_status":"closed","template":"","meta":{"footnotes":""},"class_list":["post-333","page","type-page","status-publish","hentry"],"yoast_head":"<!-- This site is optimized with the Yoast SEO plugin v27.4 - https:\/\/yoast.com\/product\/yoast-seo-wordpress\/ -->\n<title>Initiation Internet - AMG Formation Centre de formation \u00e0 Dijon 2026<\/title>\n<meta name=\"description\" content=\"Bienvenue sur le site internet de la soci\u00e9t\u00e9 AMG Informatique ! Retrouvez ci-dessous la description de la formation initiation internet.\" \/>\n<meta name=\"robots\" content=\"index, follow, max-snippet:-1, max-image-preview:large, max-video-preview:-1\" \/>\n<link rel=\"canonical\" href=\"https:\/\/www.amg-informatique.fr\/w2\/formation\/nos-formations-informatiques-en-presentiel\/initiation-internet\/\" \/>\n<meta property=\"og:locale\" content=\"fr_FR\" \/>\n<meta property=\"og:type\" content=\"article\" \/>\n<meta property=\"og:title\" content=\"Initiation Internet - AMG Formation Centre de formation \u00e0 Dijon 2026\" \/>\n<meta property=\"og:description\" content=\"Bienvenue sur le site internet de la soci\u00e9t\u00e9 AMG Informatique ! Retrouvez ci-dessous la description de la formation initiation internet.\" \/>\n<meta property=\"og:url\" content=\"https:\/\/www.amg-informatique.fr\/w2\/formation\/nos-formations-informatiques-en-presentiel\/initiation-internet\/\" \/>\n<meta property=\"og:site_name\" content=\"AMG Formation\" \/>\n<meta property=\"article:publisher\" content=\"https:\/\/fr-fr.facebook.com\/AMG.INFORMATIQUE\" \/>\n<meta property=\"article:modified_time\" content=\"2022-12-01T14:50:28+00:00\" \/>\n<meta name=\"twitter:card\" content=\"summary_large_image\" \/>\n<meta name=\"twitter:label1\" content=\"Dur\u00e9e de lecture estim\u00e9e\" \/>\n\t<meta name=\"twitter:data1\" content=\"2 minutes\" \/>\n<script type=\"application\/ld+json\" class=\"yoast-schema-graph\">{\"@context\":\"https:\\\/\\\/schema.org\",\"@graph\":[{\"@type\":\"WebPage\",\"@id\":\"https:\\\/\\\/www.amg-informatique.fr\\\/w2\\\/formation\\\/nos-formations-informatiques-en-presentiel\\\/initiation-internet\\\/\",\"url\":\"https:\\\/\\\/www.amg-informatique.fr\\\/w2\\\/formation\\\/nos-formations-informatiques-en-presentiel\\\/initiation-internet\\\/\",\"name\":\"Initiation Internet - AMG Formation Centre de formation \u00e0 Dijon 2026\",\"isPartOf\":{\"@id\":\"https:\\\/\\\/www.amg-informatique.fr\\\/w2\\\/formation\\\/#website\"},\"datePublished\":\"2020-03-10T08:50:02+00:00\",\"dateModified\":\"2022-12-01T14:50:28+00:00\",\"description\":\"Bienvenue sur le site internet de la soci\u00e9t\u00e9 AMG Informatique ! Retrouvez ci-dessous la description de la formation initiation internet.\",\"breadcrumb\":{\"@id\":\"https:\\\/\\\/www.amg-informatique.fr\\\/w2\\\/formation\\\/nos-formations-informatiques-en-presentiel\\\/initiation-internet\\\/#breadcrumb\"},\"inLanguage\":\"fr-FR\",\"potentialAction\":[{\"@type\":\"ReadAction\",\"target\":[\"https:\\\/\\\/www.amg-informatique.fr\\\/w2\\\/formation\\\/nos-formations-informatiques-en-presentiel\\\/initiation-internet\\\/\"]}]},{\"@type\":\"BreadcrumbList\",\"@id\":\"https:\\\/\\\/www.amg-informatique.fr\\\/w2\\\/formation\\\/nos-formations-informatiques-en-presentiel\\\/initiation-internet\\\/#breadcrumb\",\"itemListElement\":[{\"@type\":\"ListItem\",\"position\":1,\"name\":\"Accueil\",\"item\":\"https:\\\/\\\/www.amg-informatique.fr\\\/w2\\\/formation\\\/\"},{\"@type\":\"ListItem\",\"position\":2,\"name\":\"Formation informatique \u00e0 Dijon\",\"item\":\"https:\\\/\\\/www.amg-informatique.fr\\\/w2\\\/formation\\\/nos-formations-informatiques-en-presentiel\\\/\"},{\"@type\":\"ListItem\",\"position\":3,\"name\":\"Initiation Internet\"}]},{\"@type\":\"WebSite\",\"@id\":\"https:\\\/\\\/www.amg-informatique.fr\\\/w2\\\/formation\\\/#website\",\"url\":\"https:\\\/\\\/www.amg-informatique.fr\\\/w2\\\/formation\\\/\",\"name\":\"AMG Formation\",\"description\":\"Centre de formation \u00e0 Dijon\",\"publisher\":{\"@id\":\"https:\\\/\\\/www.amg-informatique.fr\\\/w2\\\/formation\\\/#organization\"},\"potentialAction\":[{\"@type\":\"SearchAction\",\"target\":{\"@type\":\"EntryPoint\",\"urlTemplate\":\"https:\\\/\\\/www.amg-informatique.fr\\\/w2\\\/formation\\\/?s={search_term_string}\"},\"query-input\":{\"@type\":\"PropertyValueSpecification\",\"valueRequired\":true,\"valueName\":\"search_term_string\"}}],\"inLanguage\":\"fr-FR\"},{\"@type\":\"Organization\",\"@id\":\"https:\\\/\\\/www.amg-informatique.fr\\\/w2\\\/formation\\\/#organization\",\"name\":\"AMG Formation Dijon\",\"url\":\"https:\\\/\\\/www.amg-informatique.fr\\\/w2\\\/formation\\\/\",\"logo\":{\"@type\":\"ImageObject\",\"inLanguage\":\"fr-FR\",\"@id\":\"https:\\\/\\\/www.amg-informatique.fr\\\/w2\\\/formation\\\/#\\\/schema\\\/logo\\\/image\\\/\",\"url\":\"https:\\\/\\\/www.amg-informatique.fr\\\/w2\\\/formation\\\/wp-content\\\/uploads\\\/2021\\\/03\\\/logo-amg-formation.png\",\"contentUrl\":\"https:\\\/\\\/www.amg-informatique.fr\\\/w2\\\/formation\\\/wp-content\\\/uploads\\\/2021\\\/03\\\/logo-amg-formation.png\",\"width\":200,\"height\":70,\"caption\":\"AMG Formation Dijon\"},\"image\":{\"@id\":\"https:\\\/\\\/www.amg-informatique.fr\\\/w2\\\/formation\\\/#\\\/schema\\\/logo\\\/image\\\/\"},\"sameAs\":[\"https:\\\/\\\/fr-fr.facebook.com\\\/AMG.INFORMATIQUE\",\"https:\\\/\\\/www.linkedin.com\\\/company\\\/10596945\\\/admin\\\/\"]}]}<\/script>\n<!-- \/ Yoast SEO plugin. -->","yoast_head_json":{"title":"Initiation Internet - AMG Formation Centre de formation \u00e0 Dijon 2026","description":"Bienvenue sur le site internet de la soci\u00e9t\u00e9 AMG Informatique ! Retrouvez ci-dessous la description de la formation initiation internet.","robots":{"index":"index","follow":"follow","max-snippet":"max-snippet:-1","max-image-preview":"max-image-preview:large","max-video-preview":"max-video-preview:-1"},"canonical":"https:\/\/www.amg-informatique.fr\/w2\/formation\/nos-formations-informatiques-en-presentiel\/initiation-internet\/","og_locale":"fr_FR","og_type":"article","og_title":"Initiation Internet - AMG Formation Centre de formation \u00e0 Dijon 2026","og_description":"Bienvenue sur le site internet de la soci\u00e9t\u00e9 AMG Informatique ! Retrouvez ci-dessous la description de la formation initiation internet.","og_url":"https:\/\/www.amg-informatique.fr\/w2\/formation\/nos-formations-informatiques-en-presentiel\/initiation-internet\/","og_site_name":"AMG Formation","article_publisher":"https:\/\/fr-fr.facebook.com\/AMG.INFORMATIQUE","article_modified_time":"2022-12-01T14:50:28+00:00","twitter_card":"summary_large_image","twitter_misc":{"Dur\u00e9e de lecture estim\u00e9e":"2 minutes"},"schema":{"@context":"https:\/\/schema.org","@graph":[{"@type":"WebPage","@id":"https:\/\/www.amg-informatique.fr\/w2\/formation\/nos-formations-informatiques-en-presentiel\/initiation-internet\/","url":"https:\/\/www.amg-informatique.fr\/w2\/formation\/nos-formations-informatiques-en-presentiel\/initiation-internet\/","name":"Initiation Internet - AMG Formation Centre de formation \u00e0 Dijon 2026","isPartOf":{"@id":"https:\/\/www.amg-informatique.fr\/w2\/formation\/#website"},"datePublished":"2020-03-10T08:50:02+00:00","dateModified":"2022-12-01T14:50:28+00:00","description":"Bienvenue sur le site internet de la soci\u00e9t\u00e9 AMG Informatique ! Retrouvez ci-dessous la description de la formation initiation internet.","breadcrumb":{"@id":"https:\/\/www.amg-informatique.fr\/w2\/formation\/nos-formations-informatiques-en-presentiel\/initiation-internet\/#breadcrumb"},"inLanguage":"fr-FR","potentialAction":[{"@type":"ReadAction","target":["https:\/\/www.amg-informatique.fr\/w2\/formation\/nos-formations-informatiques-en-presentiel\/initiation-internet\/"]}]},{"@type":"BreadcrumbList","@id":"https:\/\/www.amg-informatique.fr\/w2\/formation\/nos-formations-informatiques-en-presentiel\/initiation-internet\/#breadcrumb","itemListElement":[{"@type":"ListItem","position":1,"name":"Accueil","item":"https:\/\/www.amg-informatique.fr\/w2\/formation\/"},{"@type":"ListItem","position":2,"name":"Formation informatique \u00e0 Dijon","item":"https:\/\/www.amg-informatique.fr\/w2\/formation\/nos-formations-informatiques-en-presentiel\/"},{"@type":"ListItem","position":3,"name":"Initiation Internet"}]},{"@type":"WebSite","@id":"https:\/\/www.amg-informatique.fr\/w2\/formation\/#website","url":"https:\/\/www.amg-informatique.fr\/w2\/formation\/","name":"AMG Formation","description":"Centre de formation \u00e0 Dijon","publisher":{"@id":"https:\/\/www.amg-informatique.fr\/w2\/formation\/#organization"},"potentialAction":[{"@type":"SearchAction","target":{"@type":"EntryPoint","urlTemplate":"https:\/\/www.amg-informatique.fr\/w2\/formation\/?s={search_term_string}"},"query-input":{"@type":"PropertyValueSpecification","valueRequired":true,"valueName":"search_term_string"}}],"inLanguage":"fr-FR"},{"@type":"Organization","@id":"https:\/\/www.amg-informatique.fr\/w2\/formation\/#organization","name":"AMG Formation Dijon","url":"https:\/\/www.amg-informatique.fr\/w2\/formation\/","logo":{"@type":"ImageObject","inLanguage":"fr-FR","@id":"https:\/\/www.amg-informatique.fr\/w2\/formation\/#\/schema\/logo\/image\/","url":"https:\/\/www.amg-informatique.fr\/w2\/formation\/wp-content\/uploads\/2021\/03\/logo-amg-formation.png","contentUrl":"https:\/\/www.amg-informatique.fr\/w2\/formation\/wp-content\/uploads\/2021\/03\/logo-amg-formation.png","width":200,"height":70,"caption":"AMG Formation Dijon"},"image":{"@id":"https:\/\/www.amg-informatique.fr\/w2\/formation\/#\/schema\/logo\/image\/"},"sameAs":["https:\/\/fr-fr.facebook.com\/AMG.INFORMATIQUE","https:\/\/www.linkedin.com\/company\/10596945\/admin\/"]}]}},"_links":{"self":[{"href":"https:\/\/www.amg-informatique.fr\/w2\/formation\/wp-json\/wp\/v2\/pages\/333","targetHints":{"allow":["GET"]}}],"collection":[{"href":"https:\/\/www.amg-informatique.fr\/w2\/formation\/wp-json\/wp\/v2\/pages"}],"about":[{"href":"https:\/\/www.amg-informatique.fr\/w2\/formation\/wp-json\/wp\/v2\/types\/page"}],"author":[{"embeddable":true,"href":"https:\/\/www.amg-informatique.fr\/w2\/formation\/wp-json\/wp\/v2\/users\/7"}],"replies":[{"embeddable":true,"href":"https:\/\/www.amg-informatique.fr\/w2\/formation\/wp-json\/wp\/v2\/comments?post=333"}],"version-history":[{"count":4,"href":"https:\/\/www.amg-informatique.fr\/w2\/formation\/wp-json\/wp\/v2\/pages\/333\/revisions"}],"predecessor-version":[{"id":6383,"href":"https:\/\/www.amg-informatique.fr\/w2\/formation\/wp-json\/wp\/v2\/pages\/333\/revisions\/6383"}],"up":[{"embeddable":true,"href":"https:\/\/www.amg-informatique.fr\/w2\/formation\/wp-json\/wp\/v2\/pages\/10"}],"wp:attachment":[{"href":"https:\/\/www.amg-informatique.fr\/w2\/formation\/wp-json\/wp\/v2\/media?parent=333"}],"curies":[{"name":"wp","href":"https:\/\/api.w.org\/{rel}","templated":true}]}}